 7058978285 a composite number?
True
Is 76859948461 a composite number?
False
Is 37184503 a composite number?
False
Is 16512303347 a prime number?
True
Is 55809501313 composite?
False
Is 1070451713 a prime number?
False
Is 3835214969 prime?
True
Is 254146546985 a prime number?
False
Is 4332641681 a composite number?
True
Is 227534652617 prime?
True
Is 7815416309 a prime number?
True
Is 128250859 prime?
False
Is 20609667578 a prime number?
False
Is 736007834 a composite number?
True
Is 54695124857 prime?
False
Is 48348784551 composite?
True
Is 24746857207 a prime number?
True
Is 452352697 prime?
True
Is 653059871 a composite number?
False
Is 30599537671 composite?
True
Is 1381352993 a prime number?
False
Is 23156156017 a prime number?
True
Is 13359078221 prime?
False
Is 3765320023 a prime number?
False
Is 16100794271 a prime number?
True
Is 157023779 a prime number?
False
Is 25605163099 a prime number?
True
Is 261895853321 a composite number?
False
Is 8813461457 composite?
True
Is 608641127 a prime number?
True
Is 2671002071 a prime number?
False
Is 1934375203 composite?
True
Is 6207667547 a prime number?
False
Is 111930617 prime?
True
Is 1247004886 a prime number?
False
Is 5004162001 a prime number?
True
Is 15974329 prime?
False
Is 376627663 a composite number?
True
Is 685688203 prime?
False
Is 2008683883 prime?
True
Is 3068378147 a prime number?
False
Is 311571061 composite?
False
Is 23941031 prime?
True
Is 9847213 a prime number?
True
Is 658775677 composite?
True
Is 85083917699 composite?
True
Is 4458065441 composite?
True
Is 20089617799 composite?
True
Is 25066827749 a prime number?
True
Is 36150704231 a prime number?
False
Is 113959451 a prime number?
True
Is 23108469437 prime?
False
Is 32831814181 a composite number?
False
Is 1170136585 a composite number?
True
Is 725569837 composite?
False
Is 1170231809 prime?
False
Is 3904349233 prime?
False
Is 4911217339 a prime number?
False
Is 90844087 a composite number?
False
Is 6789493457 composite?
True
Is 2983030114 composite?
True
Is 443980769 a composite number?
False
Is 976984727 composite?
False
Is 8242206397 a composite number?
False
Is 140636201 a composite number?
False
Is 2064489611 a composite number?
False
Is 67583888011 a prime number?
True
Is 14589683149 composite?
True
Is 19681401361 a prime number?
True
Is 6914080127 prime?
False
Is 98596119041 a composite number?
True
Is 4774348807 prime?
False
Is 444405529 a prime number?
True
Is 10991403151 composite?
False
Is 839947889 a composite number?
True
Is 104254736633 a prime number?
False
Is 338126441 a composite number?
False
Is 1343953217 prime?
True
Is 9869285059 composite?
False
Is 440870543 composite?
True
Is 25250600039 a prime number?
False
Is 61302005 a prime number?
False
Is 563518003 a composite number?
True
Is 26107051219 prime?
False
Is 295186813 prime?
False
Is 1619922103 prime?
False
Is 1942582513 composite?
False
Is 9336128189 a prime number?
False
Is 411531007 a composite number?
False
Is 1766448343 prime?
False
Is 21736221583 composite?
True
Is 2433489595 composite?
True
Is 1334204155 composite?
True
Is 74976986929 a prime number?
False
Is 38202309293 prime?
True
Is 145624278857 a prime number?
True
Is 1020656353 prime?
False
Is 240123523 prime?
False
Is 300623083 prime?
True
Is 1373070379 composite?
True
Is 101593506763 prime?
False
Is 442575967 composite?
False
Is 260063550085 composite?
True
Is 32479794053 prime?
False
Is 33238932917 composite?
True
Is 7732588639 a prime number?
False
Is 31753606831 prime?
True
Is 3731343589 a prime number?
False
Is 9513297863 a composite number?
False
Is 5967970781 composite?
False
Is 868249171 a prime number?
True
Is 144988666429 prime?
True
Is 1915884749 composite?
False
Is 10763475799 a composite number?
True
Is 16036481297 composite?
False
Is 241897571 a prime number?
False
Is 1069792487 a prime number?
True
Is 391455811 composite?
False
Is 7451598811 a composite number?
True
Is 3457827493 a composite number?
False
Is 933233201 a prime number?
True
Is 5341317847 a prime number?
True
Is 418391803 prime?
False
Is 18457909033 prime?
True
Is 14557447951 composite?
True
Is 141125202035 a composite number?
True
Is 2081502919 composite?
False
Is 474297067 a prime number?
True
Is 661730057 a prime number?
True
Is 117980204513 a composite number?
False
Is 4170028633 a prime number?
True
Is 67920762821 a prime number?
True
Is 1450652521 a prime number?
True
Is 160243444187 a composite number?
True
Is 1676476757 a prime number?
False
Is 17064927941 a prime number?
True
Is 17348813501 a composite number?
False
Is 68141363 prime?
True
Is 13312633319 a composite number?
True
Is 32191573979 composite?
False
Is 15605519213 a composite number?
False
Is 20057270251 a composite number?
False
Is 40263557933 prime?
True
Is 558074437 a prime number?
False
Is 52473626131 a composite number?
False
Is 1667513797 a prime number?
True
Is 5472490715 composite?
True
Is 552831317 a composite number?
True
Is 13355888173 composite?
False
Is 90557321 a prime number?
True
Is 13198522417 a composite number?
True
Is 22822877029 prime?
True
Is 67257612589 prime?
True
Is 10118020171 composite?
True
Is 6169791505 a composite number?
True
Is 33209425819 prime?
True
Is 3230464927 composite?
True
Is 861062533 composite?
True
Is 26552626967 composite?
False
Is 6538148597 a prime number?
True
Is 78828927 a composite number?
True
Is 2023361863 a composite number?
True
Is 228257596223 composite?
True
Is 143686719859 prime?
True
Is 36980809331 composite?
False
Is 114618919 composite?
False
Is 4404457163 composite?
True
Is 98570994377 a prime number?
False
Is 8188651481 prime?
True
Is 2011005001 composite?
False
Is 62537801 prime?
True
Is 77098831 a composite number?
True
Is 993068357 prime?
False
Is 14348649143 composite?
False
Is 16173863 composite?
False
Is 692087789 a prime number?
False
Is 3299877019 prime?
False
Is 16100946573 a prime number?
False
Is 3618398593 prime?
True
Is 14384881997 prime?
True
Is 596319869 composite?
True
Is 851108017 composite?
False
Is 170766947 composite?
True
Is 232690019 prime?
False
Is 173288579 a composite number?
True
Is 513018307 a composite number?
False
Is 52584767837 prime?
False
Is 634709189 composite?
False
Is 199068011 prime?
False
Is 280108054687 composite?
False
Is 30423449 a composite number?
True
Is 41649257189 composite?
True
Is 646492501 composite?
False
Is 687060931 composite?
True
Is 60176089261 a prime number?
False
Is 177972497 prime?
False
Is 3613279603 a composite number?
True
Is 7022178239 composite?
True
Is 37859578997 a prime number?
False
Is 1481193517 a composite number?
True
Is 13894003595 a prime number?
False
Is 5786692559 a composite number?
True
Is 25347556789 composite?
True
Is 3455181505 a composite number?
True
Is 502675147 prime?
False
Is 87390093523 a prime number?
True
Is 504576421 a prime number?
True
Is 8019252653 a composite number?
True
Is 16163821691 a composite number?
False
Is 258441193 a prime number?
True
Is 32269907227 a prime number?
False
Is 947054629 a prime number?
True
Is 1189048213 composite?
True
Is 55372491235 prime?
False
Is 1131865181 a prime number?
False
Is 2772625663 a composite number?
True
Is 413367407581 a composite number?
False
Is 29520218239 a composite number?
True
Is 725930219 a prime number?
False
Is 5551161403 a composite number?
True
Is 1215566945 composite?
True
Is 9753369083 composite?
True
Is 10640031169 a prime number?
True
Is 45600818591 a prime number?
True
Is 5326155839 a composite number?
True
Is 131232859598 a prime number?
False
Is 106947936211 a composite number?
False
Is 1604369563 a prime number?
True
Is 49676501 prime?
False
Is 2855243093 composite?
False
Is 108737191063 a prime number?
True
Is 81263847662 prime?
False
Is 35824260067 composite?
False
Is 250325507 composite?
True
Is 562637407 a composite number?
False
Is 11571158827 composite?
True
Is 14702076427 prime?
True
Is 401254289 prime?
True
Is 7042447367 prime?
False
Is 4742473069 prime?
True
Is 604955093 a prime number?
False
Is 64936441057 a composite number?
True
Is 264723024355 a composite number?
True
Is 224867323 composite?
False
Is 11227797533 a composite number?
False
Is 2397097363 a composite number?
True
Is 15045582241 a composite nu